usands digit of 26454457?
4
What is the billions digit of 1737360653?
1
What is the ten millions digit of 148497808?
4
What is the thousands digit of 571963247?
3
What is the millions digit of 2173573504?
3
What is the thousands digit of 404372160?
2
What is the hundreds digit of 572362907?
9
What is the ten millions digit of 114921891?
1
What is the hundred millions digit of 2694833083?
6
What is the millions digit of 119059397?
9
What is the ten thousands digit of 28379923?
7
What is the hundred millions digit of 1939765011?
9
What is the hundred thousands digit of 3639095564?
0
What is the hundred thousands digit of 46594168?
5
What is the hundreds digit of 22366303?
3
What is the hundred millions digit of 113624123?
1
What is the ten millions digit of 2551701694?
5
What is the ten millions digit of 3074229042?
7
What is the hundred millions digit of 322724514?
3
What is the units digit of 138351153?
3
What is the tens digit of 76005287?
8
What is the hundred millions digit of 888015662?
8
What is the thousands digit of 258346313?
6
What is the hundreds digit of 113255030?
0
What is the tens digit of 259290525?
2
What is the thousands digit of 29428926?
8
What is the tens digit of 2021700038?
3
What is the units digit of 1030204309?
9
What is the hundred thousands digit of 1148101453?
1
What is the ten thousands digit of 10600471?
0
What is the tens digit of 12320737?
3
What is the hundreds digit of 510137080?
0
What is the tens digit of 16008331?
3
What is the hundred thousands digit of 72645496?
6
What is the ten thousands digit of 685607122?
0
What is the thousands digit of 1725786638?
6
What is the hundred thousands digit of 7411577684?
5
What is the ten millions digit of 11880010?
1
What is the ten millions digit of 153777406?
5
What is the hundred thousands digit of 54300774?
3
What is the millions digit of 27031068?
7
What is the hundred millions digit of 4003100017?
0
What is the hundred thousands digit of 103106644?
1
What is the ten millions digit of 349260380?
4
What is the ten thousands digit of 107729565?
2
What is the ten millions digit of 68406237?
6
What is the billions digit of 1024382850?
1
What is the thousands digit of 486034065?
4
What is the tens digit of 773202356?
5
What is the ten thousands digit of 1313097178?
9
What is the hundred thousands digit of 2878557247?
5
What is the hundred millions digit of 150796630?
1
What is the thousands digit of 39313529?
3
What is the hundred millions digit of 836569055?
8
What is the millions digit of 43098721?
3
What is the millions digit of 233204252?
3
What is the millions digit of 27756733?
7
What is the ten thousands digit of 28417717?
1
What is the hundred millions digit of 1998930838?
9
What is the ten thousands digit of 289787245?
8
What is the ten thousands digit of 205838434?
3
What is the ten millions digit of 26073528?
2
What is the tens digit of 73910148?
4
What is the hundred millions digit of 3001082903?
0
What is the hundreds digit of 691900513?
5
What is the hundred thousands digit of 18636774?
6
What is the hundred millions digit of 191467317?
1
What is the hundreds digit of 2808118136?
1
What is the hundreds digit of 46515406?
4
What is the millions digit of 874636230?
4
What is the millions digit of 1052016240?
2
What is the tens digit of 2233072108?
0
What is the ten thousands digit of 1285911927?
1
What is the units digit of 705738954?
4
What is the ten thousands digit of 87575014?
7
What is the ten millions digit of 389573170?
8
What is the hundred thousands digit of 455697089?
6
What is the thousands digit of 5450388717?
8
What is the units digit of 67975526?
6
What is the hundred thousands digit of 1400928993?
9
What is the tens digit of 898460058?
5
What is the ten thousands digit of 766831559?
3
What is the hundred thousands digit of 460974136?
9
What is the hundreds digit of 23367883?
8
What is the tens digit of 12254943?
4
What is the tens digit of 4522148562?
6
What is the thousands digit of 312212301?
2
What is the ten thousands digit of 182967891?
6
What is the hundreds digit of 157157126?
1
What is the millions digit of 1898674559?
8
What is the ten millions digit of 2367954115?
6
What is the ten thousands digit of 2003963?
0
What is the millions digit of 337327249?
7
What is the ten thousands digit of 164356430?
5
What is the millions digit of 45208052?
5
What is the ten millions digit of 289130222?
8
What is the hundreds digit of 1003320600?
6
What is the hundred thousands digit of 1837134455?
1
What is the hundred thousands digit of 15184200?
1
What is the hundred thousands digit of 37710342?
7
What is the ten millions digit of 151318438?
5
What is the millions digit of 1174014383?
4
What is the hundred thousands digit of 719743530?
7
What is the millions digit of 1330811?
1
What is the thousands digit of 7118477?
8
What is the ten thousands digit of 6032697773?
9
What is the ten thousands digit of 21200352?
0
What is the ten thousands digit of 736077257?
7
What is the units digit of 14924010?
0
What is the ten millions digit of 173149395?
7
What is the ten thousands digit of 85048743?
4
What is the units digit of 70684226?
6
What is the ten thousands digit of 6282575989?
7
What is the millions digit of 4162920095?
2
What is the hundred thousands digit of 6842538113?
5
What is the ten millions digit of 3053176591?
5
What is the hundred millions digit of 1297694919?
2
What is the tens digit of 20626105?
0
What is the ten millions digit of 39126042?
3
What is the tens digit of 755024494?
9
What is the ten thousands digit of 114718883?
1
What is the ten thousands digit of 1116975412?
7
What is the millions digit of 52098781?
2
What is the units digit of 2413955572?
2
What is the hundreds digit of 2228841?
8
What is the ten millions digit of 281083538?
8
What is the thousands digit of 678190486?
0
What is the hundred thousands digit of 31109885?
1
What is the hundreds digit of 26338542?
5
What is the millions digit of 82437193?
2
What is the tens digit of 30802424?
2
What is the hundred thousands digit of 3360814952?
8
What is the ten millions digit of 29525406?
2
What is the hundreds digit of 7970673?
6
What is the tens digit of 419639348?
4
What is the billions digit of 7017497178?
7
What is the units digit of 92065541?
1
What is the tens digit of 278042011?
1
What is the thousands digit of 85907402?
7
What is the ten millions digit of 546284502?
4
What is the tens digit of 140195717?
1
What is the ten thousands digit of 10101236?
0
What is the hundred thousands digit of 2437122320?
1
What is the millions digit of 30039612?
0
What is the millions digit of 14321706?
4
What is the thousands digit of 112532179?
2
What is the billions digit of 5266030787?
5
What is the thousands digit of 1277995016?
5
What is the ten thousands digit of 31556295?
5
What is the millions digit of 475384522?
5
What is the hundreds digit of 40168583?
5
What is the hundreds digit of 983430777?
7
What is the millions digit of 192759547?
2
What is the thousands digit of 1470823035?
3
What is the tens digit of 326876733?
3
What is the units digit of 518592196?
6
What is the millions digit of 190746840?
0
What is the ten thousands digit of 562526376?
2
What is the hundred thousands digit of 1339021539?
0
What is the thousands digit of 116159213?
9
What is the tens digit of 3370552957?
5
What is the tens digit of 109619581?
8
What is the hundred millions digit of 526838963?
5
What is the ten millions digit of 70938736?
7
What is the hundred thousands digit of 166233601?
2
What is the millions digit of 619680508?
9
What is the hundreds digit of 2379289389?
3
What is the hundreds digit of 2991252466?
4
What is the hundred thousands digit of 37435466?
4
What is the hundred thousands digit of 744967335?
9
What is the hundreds digit of 838507161?
1
What is the hundred thousands digit of 10220612?
2
What is the thousands digit of 355332452?
2
What is the hundreds digit of 1158406476?
4
What is the ten thousands digit of 804799072?
9
What is the ten thousands digit of 47572746?
7
What is the hundreds digit of 73217670?
6
What is the hundreds digit of 2032706338?
3
What is the ten millions digit of 3496225232?
9
What is the units digit of 7361286?
6
What is the millions digit of 62